*f(c) - 8*h(c). Give d(-15).
3
Let l(a) = 13*a - 4. Let p = 529 - -122. Let s = 648 - p. What is l(s)?
-43
Let z(m) = 36*m**2 - 1. Let y(t) = -179*t**2 + 15*t - 16. Let x(a) = -y(a) - 5*z(a). What is x(-14)?
35
Suppose -2 = -10*w + 8. Let l(g) = 5*g + 8*g**2 - 32*g**2 - 5*g + 7*g**2 + g. What is l(w)?
-16
Let z = 3575 + -3572. Let l(r) be the first derivative of 9 + 1/2*r**2 - 1/4*r**4 - 2/3*r**z + r. What is l(-2)?
-1
Let b(a) = 628*a + 630*a - 1437*a - 3*a**2 + 58. Give b(-60).
-2
Let o = -174 - -320. Let a = -149 + o. Let z(r) = -r**3 - 2*r**2 + 3*r - 8. Let x be z(a). Let u(g) = -g**3 - 9*g**2 - 9*g - 1. Determine u(x).
7
Let y = -22 - -16. Let u(f) = -2*f + 6*f**2 + 211 - 6*f**3 + 7*f**3 - 216. Calculate u(y).
7
Let d = 20 - 21. Let v(h) = 110*h**3 + 7*h**2 + 2*h - 5. Let x(g) = 238*g**3 + 15*g**2 + 4*g - 11. Let q(j) = 13*v(j) - 6*x(j). Determine q(d).
-2
Let i(y) = 2*y - 1. Suppose 4*k + 2*b - 2 = -18, 5 = -5*k + 5*b. Let m be 3 + 3 + k - 4. Let a be -1*(-5)/(-4 + m). What is i(a)?
-3
Let p be -8 + (2 - -7) + -6 + 5. Let j(x) = x**3 - 3*x - 61. Give j(p).
-61
Suppose -8*b - 235 + 10 = 31. Let z(c) = -c**2 - 31*c + 32. What is z(b)?
0
Suppose 10 = 3*y - 4*f, 6*y - 3*y - 7 = f. Let c(l) = -6*l**y - 31 + 10*l**2 - 3*l**2 + 0*l - 2*l**2 - 13*l. Calculate c(-10).
-1
Let u(k) = 25*k**2 - 6*k + 7. Suppose 172*c = -177 + 521. Calculate u(c).
95
Suppose -3*a - 14 = -29. Suppose a*n + d = -d - 10, 2*d = n - 10. Let f(j) = 0*j + 6 - 5 - 5*j + n. Give f(2).
-9
Let q(d) = -2*d - 4. Suppose 4*s - 2*z - 49 = 7, -3*s + 49 = -5*z. Suppose 0 = 11*w + s + 42. Determine q(w).
6
Let g(q) = -1174 - 24*q + 2560 - 1290. Calculate g(4).
0
Let m(y) = y**3 - 14*y**2 - 12*y. Let q(o) = -o - 27*o**2 - 39*o**2 + 2 + 65*o**2. Let b(c) = -m(c) + 6*q(c). Determine b(9).
-15
Let h be -1*((-9)/12)/(1/4). Let s(v) = -1 - h + 2 + 28*v - 26*v. Let l be s(4). Let q(a) = -2*a + 7. What is q(l)?
-5
Let r(u) = 6*u - 157. Let i(d) = -13*d + 231. Let t(x) = -4*i(x) - 7*r(x). Give t(-18).
-5
Let f = -363 - -349. Let d(l) = -l**2 - 14*l - 8. Calculate d(f).
-8
Let u = 464 - 461. Let h = 0 - -4. Let o(s) = -22*s + 3. Let t(m) = 22*m - 2. Let l(p) = h*t(p) + u*o(p). Give l(-1).
-21
Let f(n) = n - 9. Suppose 0 = -176*j + 172*j + 136. Suppose k = 2*w + 18, j = k + 2*k - 2*w. What is f(k)?
-1
Suppose 737 = 3*c + 4*f, 4*c - 251 = -5*f + 732. Let j(k) = -248 + c - k + 0*k. Suppose -q + 5*u = -10, -q + 0*q - 4*u + 1 = 0. Determine j(q).
-6
Let g(h) = 2 + 6*h - 10571*h**2 - 4 + 10572*h**2. Calculate g(-8).
14
Let y(h) = -7*h. Let u be y(-4). Let i = u + -25. Let a(f) be the first derivative of -f**4/2 + f**3 + 3*f**2/2 - f - 1. Calculate a(i).
-19
Suppose -1197 = -9439*g + 9572*g. Let f(y) = -y**3 - 11*y**2 - 11*y - 13. Determine f(g).
-76
Let r(l) = -32*l - 236. Let j be (30/20)/(21/(-98)). Calculate r(j).
-12
Suppose 0 = -8*j - 34 - 6. Let v(z) = -255 + 298*z**2 - 6*z + 248 - 299*z**2. Give v(j).
-2
Let i = -121 + 150. Suppose -2*w = -33 + i. Let f(n) = n**3 + 2*n - 1. Calculate f(w).
11
Let s = -58 - -72. Let i be (-38)/(-8) + s/56 + -2. Let n(t) = -2*t + 1. Calculate n(i).
-5
Let b be ((-16)/(-32) + (-3)/3)*0 - 15. Let y(n) = -8*n - 111. Determine y(b).
9
Let o(j) = 4*j + 2. Let y(c) = c**3 + 5*c**2 - 2*c + 8. Let k be y(-5). Suppose 13*m = 10*m - k. Give o(m).
-22
Let f be 19/152 + 158/16. Suppose -2*q + 3*q - 3 = 0. Let k(i) = -7 + i + f - q. What is k(2)?
2
Let x(v) = -v**3 + 9*v**2 + 7*v - 65. Let j be x(9). Let l(a) = -a - 3. Let y(n) = 5*n + 11. Let d(f) = j*y(f) - 6*l(f). What is d(4)?
-20
Let j(t) = t**2 - 11. Let r be j(-4). Let z(n) be the first derivative of n**4/4 - 2*n**3 - 6*n - 339. Determine z(r).
-31
Let u be (-2*1/4)/((-7)/(-14)). Let f(s) = s. Let k(j) = -16*j - 1. Let m be (9 - 13) + -3 + (-6)/(-2). Let n(g) = m*f(g) + u*k(g). What is n(-1)?
-11
Let c(y) = 10*y + 1. Let l = -4 - -8. Suppose -5*i - 20 = 0, 4*p - 10 = -4*i - 6. Suppose 0 = -0*t + l*t - p*h - 29, -4*t = 3*h + 11. What is c(t)?
11
Let t be -1*27*(-5)/(-15). Let o be -2 - (1 + -5 + (t - -2)). Let v(g) = g**3 - 10*g**2 + 13*g - 4. What is v(o)?
32
Let w(m) = -m**2 + 12*m - 2. Suppose -5*f - 281 + 956 = 0. Let j = -130 + f. Calculate w(j).
33
Let b = 667 - 662. Suppose 0 = 4*o - 4*g, o = b*o + g. Let n(p) = p + 2. Give n(o).
2
Let z(a) be the first derivative of a**2/2 - 22*a - 448. Calculate z(5).
-17
Let z(l) be the first derivative of -l**3/3 + 4*l**2 + l - 16214. Suppose -5*r + 28 = -17. What is z(r)?
-8
Let a(i) = 10*i**2 + 2*i + 32. Let t(u) = -u**2 - u - 1. Let k(w) = a(w) + 8*t(w). Let n(g) be the first derivative of k(g). Determine n(3).
6
Let g(u) = 2*u**2 + 33*u + 9. Let y = 19653 - 19669. Give g(y).
-7
Suppose 51*c - 62*c - 7601 = 0. Let q = c + 684. Let j(d) = -2*d - 4*d - 8*d**2 + 2 - d**3 + 0. What is j(q)?
-5
Let l be ((2/(-11))/((-366)/671))/((-2)/(-18)). Let p(c) = -14*c + 41. Determine p(l).
-1
Suppose 11*d + 8 = 15*d. Let b(l) = -12*l - 9*l + 1 - l**3 + 2*l**2 - 7*l - 4*l + 30*l. Determine b(d).
-3
Suppose -91 = -36*v + 29*v. Suppose 11*r = v*r - 10. Let k(i) = -i**3 + 6*i**2 - 2*i - 2. Give k(r).
13
Let d be (-14)/((-2)/1 - -4). Let x = -44 + 46. Let n(z) = 5*z**3 + 7*z**2 + 9 - 4*z**3 + 0*z**2 + 0*z**3 + x*z. Give n(d).
-5
Let u(x) = -5*x**3 - 9*x - 7. Let m = 32328 + -32331. Determine u(m).
155
Let i(n) be the third derivative of n**6/720 - n**5/40 - n**4/6 + 11*n**2. Let s(q) be the second derivative of i(q). Let t = -24 - -18. What is s(t)?
-9
Let u(j) = -144*j + 525. Let a(h) = -29*h + 102. Let b(t) = 11*a(t) - 2*u(t). Give b(3).
-21
Let s(m) = 8*m - 1. Let l be 14/(-7)*(-12)/(-8) + 7. Let p(x) = 10*x. Let u(c) = l*s(c) - 3*p(c). Suppose 5*y - 17 - 3 = 0. What is u(y)?
4
Let d be (-2 - (-5 + 4)) + 9/3. Let j(l) = 62*l**d - 89*l**2 + 41*l**2. Give j(-1).
14
Let w(d) = 10*d**2 + d - 1. Suppose -94*o = -89*o + 2*n - 7, -3*o - 4*n = -21. What is w(o)?
8
Suppose -261*z = -271*z - 200. Let u(x) = x**3 + 21*x**2 + 22*x + 11. Determine u(z).
-29
Let d(k) be the third derivative of 5*k**4/12 - 11*k**3 + 5*k**2 + 7*k. What is d(6)?
-6
Let m(y) = 6*y**3 + 2*y**2 + y - 3. Let c = 3047 - 3046. Determine m(c).
6
Let i(o) = -2*o**2 - 4*o + 19. Let u(z) = -6*z**2 - 10*z + 59. Let w be u(-4). What is i(w)?
-11
Let v(i) = 133*i - 779. Let f(n) = -265*n + 1560. Let y(q) = -3*f(q) - 5*v(q). What is y(6)?
-5
Let q = -3790 + 7266. Suppose 1318 = -13*p + q. Let u(w) = -165*w + 0 - 5 + p*w. Determine u(4).
-1
Let p(v) = -v**2 - 5*v - 7. Suppose -21*h + 12 = -17*h. Suppose 4*b - h*z - 93 = 0, 0 = -5*z - 15. Suppose 4*a + 2*g = -12, -b - 20 = 5*a - 4*g. Give p(a).
-7
Suppose 10 = 5*p, -3*v - 2*p - 2 = -3. Let q be (1 - (0 - 2)) + v. Let w(f) = f - 2. What is w(q)?
0
Let b(y) be the first derivative of 3 - y - 1/2*y**2. Calculate b(1).
-2
Let u(k) be the third derivative of -k**6/120 + 13*k**5/60 + 3*k**4/4 - 53*k**3/6 - 2826*k**2. Determine u(14).
3
Let g(u) = 5*u + 7. Let y(o) = -18*o - 14. Let i(l) = 3*g(l) + y(l). Determine i(5).
-8
Let u(c) = -c**3 - 6*c**2 - 4*c - 3. Let v = -103 - -53. Let p be 240/v - (4/(-5) + 1). Give u(p).
-8
Let l(v) = 7*v - 53. Let u be l(9). Let p be (10/4)/((-5)/u). Let i(h) = -h**3 - 7*h**2 - 8*h + 9. Let a be i(p). Let q(f) = -5*f**2 - 1. What is q(a)?
-6
Let b(x) be the first derivative of -5*x**2 - 134*x - 6483. Calculate b(-13).
-4
Suppose -19*p + 36*p + 1608 = 1540. Let y(w) = w**2 - 5*w - 14. Give y(p).
22
Let x(v) = -17 + 9*v**2 - 3*v**2 + 18*v - 5*v**2. Let i be x(-19). Suppose -i = -3*d + 3*q + 4, -d + 2*q + 4 = 0. Let r(s) = -s - 4. Calculate r(d).
-4
Let s(c) = -22*c**3 + 21*c**3 + 10*c**2 + 0*c**2 - 3 - 13*c. Suppose 5975*l - 5978*l = -27. What is s(l)?
-39
Let l = 38 - 38. Suppose 12*u - 71 - 37 = l. Let j be ((-2)/6)/((-3)/u - 0). Let w(r) = -r. Determine w(j).
-1
Let g(j) be the third derivative of j**6/120 + j**5/60 + j**4/12 + j**3/2 - 42*j**2 + 48. Calculate g(-2).
-5
Let p(x) = x - 2. Let v(a) = -5*a - 27. Let c(u) = 4*p(u) + v(u). Let g be c(-17). Let m = -22 - g. Let b(k) = -5*k - 2. Give b(m).
18
Let x be (-150)/(-20)*(-5 + (-114)/(-18)). Let a(g) = g**2 - 11*g - 5. Determine a(x).
-15
Let n(b) = -b**3 + 188 + 102 - 27*b + 11*b**2 + 142*b + 41 - 130*b. Determine n(12).
7
Let d(j) be the third derivative of -j**5/60 + j**4/24 - 5*j**3/6 - 9*j**2 - 2*